{"id":601,"date":"2019-04-19T15:55:04","date_gmt":"2019-04-19T13:55:04","guid":{"rendered":"https:\/\/j\u00fcri\u00f6\u00f6m\u00e4rgutuled.ee\/?page_id=601"},"modified":"2019-04-19T15:57:08","modified_gmt":"2019-04-19T13:57:08","slug":"juripaevast","status":"publish","type":"page","link":"https:\/\/j\u00fcri\u00f6\u00f6m\u00e4rgutuled.ee\/?page_id=601","title":{"rendered":"J\u00fcrip\u00e4evast"},"content":{"rendered":"\n<p> <strong>J\u00fcrip\u00e4ev &#8211; maarahva p\u00fcha<\/strong><br>Veel t\u00e4nap\u00e4evalgi seisab kalendrites 23. aprilli j\u00e4rel m\u00e4rkus: j\u00fcrip\u00e4ev. <\/p>\n\n\n\n<p>Nooremale p\u00f5lvkonnale see p\u00e4ev enam v\u00e4ga palju ei \u00fctle, samuti pole ta kunagi eriliseks t\u00e4htp\u00e4evaks olnud linlastele. Ent maarahva vanem p\u00f5lvkond teab v\u00e4ga h\u00e4sti, et j\u00fcrip\u00e4eva peetakse kevadiste p\u00f5llut\u00f6\u00f6de algusajaks. On ju p\u00f5ld sajandeid olnud maamehe rikkusallikas ning j\u00fcrip\u00e4eva v\u00f5ib pidada p\u00f5llumehe aasta algust\u00e4rminiks. Seda kinnitab h\u00e4sti seik, et sellel p\u00e4eval uuendati v\u00f5i l\u00f5petati p\u00f5llumaa ning talukohaga seotud rendilepingud talupoegade ja m\u00f5isa vahel. Seet\u00f5ttu oli j\u00fcrip\u00e4ev \u00fcks suur kolimise p\u00fcha. Oli t\u00e4iesti tavaline, et 23. aprillil liikusid m\u00f6\u00f6da teid uude kodusse pikad kraamikoormate read ja loomade karjad. Mitte ainult p\u00f5llumehed ei pidanud seda p\u00e4eva oma kolimisp\u00e4evaks. Sagedasti kujunes see r\u00e4ndamisp\u00e4evaks ka talude teenijaskonnale. Eks peremeeski palganud sulase ajal, mil tal teda vaja l\u00e4ks. Ja see vajadus oli ikka selge, alates j\u00fcrip\u00e4evast.\u00a0<br>Oma mitmekesisuses oli j\u00fcrip\u00e4ev \u00fcks suuremaid ja olulisemaid p\u00fchi veel 20. sajandi alguse rahvakalendris. V\u00f5imsalt on ta endasse sulatanud l\u00e4hedaste t\u00e4htp\u00e4evade kombestikku ja uskumusi (k\u00fcnni- ja karjalaskep\u00e4ev). J\u00fcrip\u00e4eva muutsid eriliseks maagilised rituaalid, millega tagati tervis, talu edenemine ja t\u00f5rjuti eemale tumedaid j\u00f5ude, \u00f5nnetusi, metsloomi jmt. Tingimata tehti j\u00fcrituld. Kuna esivanemate talud asusid tihtilugu metsade r\u00fcpes ja soode \u00e4\u00e4res, siis oldi sageli h\u00e4das ussidega. Et m\u00fcrgiste roomajate kahjustavast tegevusest p\u00e4\u00e4seda, tuli j\u00fcrip\u00e4eval v\u00f5tta ketit\u00fckk ja seda vedada kolm korda \u00fcmber talukrundi, ise s\u00f5nades \u2013 kes sees, see sees, kes v\u00e4ljas, see v\u00e4ljas. Antud toimingule pidid olema tagaj\u00e4rjed, mis aitasid hoida ussipered majapidamisest eemal. J\u00fcrip\u00e4evaga olid seotud ka mitmed t\u00f6\u00f6keelud. Et oli tegemist kriitilise ajaga karja, p\u00f5llu ja inimeste edasise k\u00e4ek\u00e4igu suhtes, siis &#8211; nagu sellistel p\u00e4evadel ikka &#8211; olid k\u00fclask\u00e4igud v\u00e4listatud ja neist kardeti otsest kahju. K\u00f5ike oli kerge \u00e4ra s\u00f5nada. Keelatud oli ka puude ja okste koju toomine &#8211; muidu tulevad maod talu\u00f5uele. V\u00e4ltimaks kahjurite r\u00fcnnakuid taimedele, ei olnud soositud tegevusteks ka \u00f5mblemine ja kudumine. Ei tohtinud pesta pesu \u2013 see meelitaks pikset ligi. Eriilmelisi ennustusi j\u00fcrip\u00e4eva kohta leidub veel rohkesti.<\/p>\n\n\n\n<p>Eesti rahva ajaloos on 23. aprill seotud mitmete t\u00e4htsate s\u00fcndmustega. N\u00e4iteks toimus 1343. aastal J\u00fcri\u00f6\u00f6 \u00fclest\u00f5us ja 1919. aasta 23. aprilli tuli kokku Eesti esimene parlament Asutav Kogu. <br><strong>Millist t\u00e4htsust omab j\u00fcrip\u00e4ev t\u00e4nap\u00e4eval? <\/strong>J\u00fcrip\u00e4eva paiku, sageli ka mai esimestel n\u00e4dalatel, korrastatakse heakorratalgute abil kodu\u00fcmbrust eelseisva suve saabumiseks. Paljudes kohtades t\u00e4histavad koolid ja seltsid j\u00fcrip\u00e4eva kas j\u00fcrijooksu v\u00f5i tervisep\u00e4evaga. K\u00f5ige s\u00fcmboolsem j\u00fcrip\u00e4eva komme, mis minevikust t\u00e4nap\u00e4eva j\u00f5udnud, on j\u00fcritule tegemine. <\/p>\n\n\n\n<p><strong>J\u00fcritule eesm\u00e4rgiks<\/strong> oli p\u00f5llumehe majapidamisest kurjade j\u00f5udude eemalepeletamine. J\u00fcritule tegemise t\u00e4nap\u00e4eval tingib vajadus p\u00f5letada talve jooksul kogunenud murdunud oksarisu ja lehepraht. Seda k\u00f5ike tuleb teha l\u00f5kke tegemiseks etten\u00e4htud kohtades p\u00e4\u00e4steameti poolt antud ohutusn\u00f5udeid j\u00e4rgides. \u00dchtlasi peetakse j\u00fcrituld tehes meeles p\u00f5llumehe aasta \u00fchte olulisemat t\u00e4htp\u00e4eva &#8211; j\u00fcrip\u00e4eva. <\/p>\n\n\n\n<p>R\u00fcndo M\u00fclts<\/p>\n","protected":false},"excerpt":{"rendered":"<p>J\u00fcrip\u00e4ev &#8211; maarahva p\u00fchaVeel t\u00e4nap\u00e4evalgi seisab kalendrites 23. aprilli j\u00e4rel m\u00e4rkus: j\u00fcrip\u00e4ev. Nooremale p\u00f5lvkonnale see p\u00e4ev enam v\u00e4ga palju ei \u00fctle, samuti pole ta kunagi eriliseks t\u00e4htp\u00e4evaks olnud linlastele. Ent maarahva vanem p\u00f5lvkond teab v\u00e4ga h\u00e4sti, et j\u00fcrip\u00e4eva peetakse kevadiste p\u00f5llut\u00f6\u00f6de algusajaks. On ju p\u00f5ld sajandeid olnud maamehe rikkusallikas ning j\u00fcrip\u00e4eva v\u00f5ib pidada p\u00f5llumehe aasta &hellip; <\/p>\n<p><a class=\"more-link btn\" href=\"https:\/\/j\u00fcri\u00f6\u00f6m\u00e4rgutuled.ee\/?page_id=601\">J\u00e4tka lugemist<\/a><\/p>\n","protected":false},"author":3,"featured_media":0,"parent":0,"menu_order":0,"comment_status":"closed","ping_status":"closed","template":"","meta":{"footnotes":""},"class_list":["post-601","page","type-page","status-publish","hentry","nodate","item-wrap"],"_links":{"self":[{"href":"https:\/\/j\u00fcri\u00f6\u00f6m\u00e4rgutuled.ee\/index.php?rest_route=\/wp\/v2\/pages\/601","targetHints":{"allow":["GET"]}}],"collection":[{"href":"https:\/\/j\u00fcri\u00f6\u00f6m\u00e4rgutuled.ee\/index.php?rest_route=\/wp\/v2\/pages"}],"about":[{"href":"https:\/\/j\u00fcri\u00f6\u00f6m\u00e4rgutuled.ee\/index.php?rest_route=\/wp\/v2\/types\/page"}],"author":[{"embeddable":true,"href":"https:\/\/j\u00fcri\u00f6\u00f6m\u00e4rgutuled.ee\/index.php?rest_route=\/wp\/v2\/users\/3"}],"replies":[{"embeddable":true,"href":"https:\/\/j\u00fcri\u00f6\u00f6m\u00e4rgutuled.ee\/index.php?rest_route=%2Fwp%2Fv2%2Fcomments&post=601"}],"version-history":[{"count":2,"href":"https:\/\/j\u00fcri\u00f6\u00f6m\u00e4rgutuled.ee\/index.php?rest_route=\/wp\/v2\/pages\/601\/revisions"}],"predecessor-version":[{"id":603,"href":"https:\/\/j\u00fcri\u00f6\u00f6m\u00e4rgutuled.ee\/index.php?rest_route=\/wp\/v2\/pages\/601\/revisions\/603"}],"wp:attachment":[{"href":"https:\/\/j\u00fcri\u00f6\u00f6m\u00e4rgutuled.ee\/index.php?rest_route=%2Fwp%2Fv2%2Fmedia&parent=601"}],"curies":[{"name":"wp","href":"https:\/\/api.w.org\/{rel}","templated":true}]}}