{"id":63,"date":"2019-03-15T21:42:15","date_gmt":"2019-03-15T21:42:15","guid":{"rendered":"https:\/\/j\u00fcri\u00f6\u00f6m\u00e4rgutuled.ee\/?page_id=63"},"modified":"2020-04-02T15:59:38","modified_gmt":"2020-04-02T13:59:38","slug":"galerii","status":"publish","type":"page","link":"https:\/\/j\u00fcri\u00f6\u00f6m\u00e4rgutuled.ee\/?page_id=63","title":{"rendered":"Galerii 2019"},"content":{"rendered":"<div class=\"vce-row-container\"><div class=\"vce-row vce-row--col-gap-30 vce-row-columns--top vce-row-content--top\" id=\"el-deb79da2\" data-vce-do-apply=\"all el-deb79da2\"><div class=\"vce-row-content\" data-vce-element-content=\"true\"><div class=\"vce-col vce-col--md-auto vce-col--xs-1 vce-col--xs-last vce-col--xs-first vce-col--sm-last vce-col--sm-first vce-col--md-last vce-col--lg-last vce-col--xl-last vce-col--md-first vce-col--lg-first vce-col--xl-first\" id=\"el-bc0a3519\"><div class=\"vce-col-inner\" data-vce-do-apply=\"border margin background  el-bc0a3519\"><div class=\"vce-col-content\" data-vce-element-content=\"true\" data-vce-do-apply=\"padding el-bc0a3519\"><\/div><\/div><\/div><\/div><\/div><\/div><div class=\"vce-row-container\"><div class=\"vce-row vce-row--col-gap-30 vce-row-columns--top vce-row-content--top\" id=\"el-5516b930\" data-vce-do-apply=\"all el-5516b930\"><div class=\"vce-row-content\" data-vce-element-content=\"true\"><div class=\"vce-col vce-col--md-auto vce-col--xs-1 vce-col--xs-last vce-col--xs-first vce-col--sm-last vce-col--sm-first vce-col--md-last vce-col--lg-last vce-col--xl-last vce-col--md-first vce-col--lg-first vce-col--xl-first\" id=\"el-bfefbd58\"><div class=\"vce-col-inner\" data-vce-do-apply=\"border margin background  el-bfefbd58\"><div class=\"vce-col-content\" data-vce-element-content=\"true\" data-vce-do-apply=\"padding el-bfefbd58\"><div class=\"vce-image-masonry-gallery\"><div class=\"vce-image-masonry-gallery-wrapper vce vce-image-masonry-gallery--gap-10 vce-image-masonry-gallery--columns-3\" id=\"el-0f1d8d0d\" data-vce-do-apply=\"all el-0f1d8d0d\"><div class=\"vce-image-masonry-gallery-list\"><div class=\"vce-image-masonry-gallery-column\"><a href=\"https:\/\/j\u00fcri\u00f6\u00f6m\u00e4rgutuled.ee\/wp-content\/uploads\/2020\/02\/IMGP9305-scaled.jpg\" data-lightbox=\"lightbox-0f1d8d0d\" class=\"vce-image-masonry-gallery-item\"><img decoding=\"async\" class=\"vce-image-masonry-gallery-img\" src=\"https:\/\/j\u00fcri\u00f6\u00f6m\u00e4rgutuled.ee\/wp-content\/uploads\/2020\/02\/IMGP9305-scaled.jpg\" alt=\"\"><\/a><a href=\"https:\/\/j\u00fcri\u00f6\u00f6m\u00e4rgutuled.ee\/wp-content\/uploads\/2020\/02\/58574741_2253188234761735_5697758599044923392_n.jpg\" data-lightbox=\"lightbox-0f1d8d0d\" class=\"vce-image-masonry-gallery-item\"><img decoding=\"async\" class=\"vce-image-masonry-gallery-img\" src=\"https:\/\/j\u00fcri\u00f6\u00f6m\u00e4rgutuled.ee\/wp-content\/uploads\/2020\/02\/58574741_2253188234761735_5697758599044923392_n.jpg\" alt=\"\"><\/a><a href=\"https:\/\/j\u00fcri\u00f6\u00f6m\u00e4rgutuled.ee\/wp-content\/uploads\/2020\/02\/58381556_2587505697930996_7449056764101656576_n.jpg\" data-lightbox=\"lightbox-0f1d8d0d\" class=\"vce-image-masonry-gallery-item\"><img decoding=\"async\" class=\"vce-image-masonry-gallery-img\" src=\"https:\/\/j\u00fcri\u00f6\u00f6m\u00e4rgutuled.ee\/wp-content\/uploads\/2020\/02\/58381556_2587505697930996_7449056764101656576_n.jpg\" alt=\"\"><\/a><a href=\"https:\/\/j\u00fcri\u00f6\u00f6m\u00e4rgutuled.ee\/wp-content\/uploads\/2020\/02\/57503172_2587506894597543_3010421167077982208_n.jpg\" data-lightbox=\"lightbox-0f1d8d0d\" class=\"vce-image-masonry-gallery-item\"><img decoding=\"async\" class=\"vce-image-masonry-gallery-img\" src=\"https:\/\/j\u00fcri\u00f6\u00f6m\u00e4rgutuled.ee\/wp-content\/uploads\/2020\/02\/57503172_2587506894597543_3010421167077982208_n.jpg\" alt=\"\"><\/a><a href=\"https:\/\/j\u00fcri\u00f6\u00f6m\u00e4rgutuled.ee\/wp-content\/uploads\/2020\/02\/11969451t1h6618.jpg\" data-lightbox=\"lightbox-0f1d8d0d\" class=\"vce-image-masonry-gallery-item\"><img decoding=\"async\" class=\"vce-image-masonry-gallery-img\" src=\"https:\/\/j\u00fcri\u00f6\u00f6m\u00e4rgutuled.ee\/wp-content\/uploads\/2020\/02\/11969451t1h6618.jpg\" alt=\"\"><\/a><a href=\"https:\/\/j\u00fcri\u00f6\u00f6m\u00e4rgutuled.ee\/wp-content\/uploads\/2019\/03\/jurioo-jooks-padise-kloostri-juures-68345809.jpg\" data-lightbox=\"lightbox-0f1d8d0d\" class=\"vce-image-masonry-gallery-item\"><img decoding=\"async\" class=\"vce-image-masonry-gallery-img\" src=\"https:\/\/j\u00fcri\u00f6\u00f6m\u00e4rgutuled.ee\/wp-content\/uploads\/2019\/03\/jurioo-jooks-padise-kloostri-juures-68345809.jpg\" alt=\"\"><\/a><a href=\"https:\/\/j\u00fcri\u00f6\u00f6m\u00e4rgutuled.ee\/wp-content\/uploads\/2020\/02\/58442025_2587505881264311_257182139173306368_n.jpg\" data-lightbox=\"lightbox-0f1d8d0d\" class=\"vce-image-masonry-gallery-item\"><img decoding=\"async\" class=\"vce-image-masonry-gallery-img\" src=\"https:\/\/j\u00fcri\u00f6\u00f6m\u00e4rgutuled.ee\/wp-content\/uploads\/2020\/02\/58442025_2587505881264311_257182139173306368_n.jpg\" alt=\"\"><\/a><\/div><div class=\"vce-image-masonry-gallery-column\"><a href=\"https:\/\/j\u00fcri\u00f6\u00f6m\u00e4rgutuled.ee\/wp-content\/uploads\/2020\/02\/IMGP9299-scaled.jpg\" data-lightbox=\"lightbox-0f1d8d0d\" class=\"vce-image-masonry-gallery-item\"><img decoding=\"async\" class=\"vce-image-masonry-gallery-img\" src=\"https:\/\/j\u00fcri\u00f6\u00f6m\u00e4rgutuled.ee\/wp-content\/uploads\/2020\/02\/IMGP9299-scaled.jpg\" alt=\"\"><\/a><a href=\"https:\/\/j\u00fcri\u00f6\u00f6m\u00e4rgutuled.ee\/wp-content\/uploads\/2020\/02\/58790344_339824290071366_4881558226887245824_n.jpg\" data-lightbox=\"lightbox-0f1d8d0d\" class=\"vce-image-masonry-gallery-item\"><img decoding=\"async\" class=\"vce-image-masonry-gallery-img\" src=\"https:\/\/j\u00fcri\u00f6\u00f6m\u00e4rgutuled.ee\/wp-content\/uploads\/2020\/02\/58790344_339824290071366_4881558226887245824_n.jpg\" alt=\"\"><\/a><a href=\"https:\/\/j\u00fcri\u00f6\u00f6m\u00e4rgutuled.ee\/wp-content\/uploads\/2020\/02\/57504364_2587506481264251_7615849315075883008_n.jpg\" data-lightbox=\"lightbox-0f1d8d0d\" class=\"vce-image-masonry-gallery-item\"><img decoding=\"async\" class=\"vce-image-masonry-gallery-img\" src=\"https:\/\/j\u00fcri\u00f6\u00f6m\u00e4rgutuled.ee\/wp-content\/uploads\/2020\/02\/57504364_2587506481264251_7615849315075883008_n.jpg\" alt=\"\"><\/a><a href=\"https:\/\/j\u00fcri\u00f6\u00f6m\u00e4rgutuled.ee\/wp-content\/uploads\/2020\/02\/57502898_2587506287930937_3318792349982654464_n.jpg\" data-lightbox=\"lightbox-0f1d8d0d\" class=\"vce-image-masonry-gallery-item\"><img decoding=\"async\" class=\"vce-image-masonry-gallery-img\" src=\"https:\/\/j\u00fcri\u00f6\u00f6m\u00e4rgutuled.ee\/wp-content\/uploads\/2020\/02\/57502898_2587506287930937_3318792349982654464_n.jpg\" alt=\"\"><\/a><a href=\"https:\/\/j\u00fcri\u00f6\u00f6m\u00e4rgutuled.ee\/wp-content\/uploads\/2020\/02\/3-scaled.jpg\" data-lightbox=\"lightbox-0f1d8d0d\" class=\"vce-image-masonry-gallery-item\"><img decoding=\"async\" class=\"vce-image-masonry-gallery-img\" src=\"https:\/\/j\u00fcri\u00f6\u00f6m\u00e4rgutuled.ee\/wp-content\/uploads\/2020\/02\/3-scaled.jpg\" alt=\"\"><\/a><a href=\"https:\/\/j\u00fcri\u00f6\u00f6m\u00e4rgutuled.ee\/wp-content\/uploads\/2019\/03\/J\u00fcri\u00f6\u00f6-tuled.jpg\" data-lightbox=\"lightbox-0f1d8d0d\" class=\"vce-image-masonry-gallery-item\"><img decoding=\"async\" class=\"vce-image-masonry-gallery-img\" src=\"https:\/\/j\u00fcri\u00f6\u00f6m\u00e4rgutuled.ee\/wp-content\/uploads\/2019\/03\/J\u00fcri\u00f6\u00f6-tuled.jpg\" alt=\"\"><\/a><\/div><div class=\"vce-image-masonry-gallery-column\"><a href=\"https:\/\/j\u00fcri\u00f6\u00f6m\u00e4rgutuled.ee\/wp-content\/uploads\/2020\/02\/IMGP9292-scaled.jpg\" data-lightbox=\"lightbox-0f1d8d0d\" class=\"vce-image-masonry-gallery-item\"><img decoding=\"async\" class=\"vce-image-masonry-gallery-img\" src=\"https:\/\/j\u00fcri\u00f6\u00f6m\u00e4rgutuled.ee\/wp-content\/uploads\/2020\/02\/IMGP9292-scaled.jpg\" alt=\"\"><\/a><a href=\"https:\/\/j\u00fcri\u00f6\u00f6m\u00e4rgutuled.ee\/wp-content\/uploads\/2020\/02\/59339716_2813960871954043_2827573650394185728_n.jpg\" data-lightbox=\"lightbox-0f1d8d0d\" class=\"vce-image-masonry-gallery-item\"><img decoding=\"async\" class=\"vce-image-masonry-gallery-img\" src=\"https:\/\/j\u00fcri\u00f6\u00f6m\u00e4rgutuled.ee\/wp-content\/uploads\/2020\/02\/59339716_2813960871954043_2827573650394185728_n.jpg\" alt=\"\"><\/a><a href=\"https:\/\/j\u00fcri\u00f6\u00f6m\u00e4rgutuled.ee\/wp-content\/uploads\/2020\/02\/57614918_449407542494435_3572095321938853888_n.jpg\" data-lightbox=\"lightbox-0f1d8d0d\" class=\"vce-image-masonry-gallery-item\"><img decoding=\"async\" class=\"vce-image-masonry-gallery-img\" src=\"https:\/\/j\u00fcri\u00f6\u00f6m\u00e4rgutuled.ee\/wp-content\/uploads\/2020\/02\/57614918_449407542494435_3572095321938853888_n.jpg\" alt=\"\"><\/a><a href=\"https:\/\/j\u00fcri\u00f6\u00f6m\u00e4rgutuled.ee\/wp-content\/uploads\/2020\/02\/57882553_310577956279189_400375687396982784_n.jpg\" data-lightbox=\"lightbox-0f1d8d0d\" class=\"vce-image-masonry-gallery-item\"><img decoding=\"async\" class=\"vce-image-masonry-gallery-img\" src=\"https:\/\/j\u00fcri\u00f6\u00f6m\u00e4rgutuled.ee\/wp-content\/uploads\/2020\/02\/57882553_310577956279189_400375687396982784_n.jpg\" alt=\"\"><\/a><a href=\"https:\/\/j\u00fcri\u00f6\u00f6m\u00e4rgutuled.ee\/wp-content\/uploads\/2020\/02\/20190422_211515-scaled.jpg\" data-lightbox=\"lightbox-0f1d8d0d\" class=\"vce-image-masonry-gallery-item\"><img decoding=\"async\" class=\"vce-image-masonry-gallery-img\" src=\"https:\/\/j\u00fcri\u00f6\u00f6m\u00e4rgutuled.ee\/wp-content\/uploads\/2020\/02\/20190422_211515-scaled.jpg\" alt=\"\"><\/a><a href=\"https:\/\/j\u00fcri\u00f6\u00f6m\u00e4rgutuled.ee\/wp-content\/uploads\/2019\/03\/images.jpg\" data-lightbox=\"lightbox-0f1d8d0d\" class=\"vce-image-masonry-gallery-item\"><img decoding=\"async\" class=\"vce-image-masonry-gallery-img\" src=\"https:\/\/j\u00fcri\u00f6\u00f6m\u00e4rgutuled.ee\/wp-content\/uploads\/2019\/03\/images.jpg\" alt=\"\"><\/a><\/div><\/div><\/div><\/div><\/div><\/div><\/div><\/div><\/div><\/div>\n","protected":false},"excerpt":{"rendered":"","protected":false},"author":2,"featured_media":0,"parent":0,"menu_order":0,"comment_status":"closed","ping_status":"closed","template":"","meta":{"footnotes":""},"class_list":["post-63","page","type-page","status-publish","hentry","nodate","item-wrap"],"_links":{"self":[{"href":"https:\/\/j\u00fcri\u00f6\u00f6m\u00e4rgutuled.ee\/index.php?rest_route=\/wp\/v2\/pages\/63","targetHints":{"allow":["GET"]}}],"collection":[{"href":"https:\/\/j\u00fcri\u00f6\u00f6m\u00e4rgutuled.ee\/index.php?rest_route=\/wp\/v2\/pages"}],"about":[{"href":"https:\/\/j\u00fcri\u00f6\u00f6m\u00e4rgutuled.ee\/index.php?rest_route=\/wp\/v2\/types\/page"}],"author":[{"embeddable":true,"href":"https:\/\/j\u00fcri\u00f6\u00f6m\u00e4rgutuled.ee\/index.php?rest_route=\/wp\/v2\/users\/2"}],"replies":[{"embeddable":true,"href":"https:\/\/j\u00fcri\u00f6\u00f6m\u00e4rgutuled.ee\/index.php?rest_route=%2Fwp%2Fv2%2Fcomments&post=63"}],"version-history":[{"count":8,"href":"https:\/\/j\u00fcri\u00f6\u00f6m\u00e4rgutuled.ee\/index.php?rest_route=\/wp\/v2\/pages\/63\/revisions"}],"predecessor-version":[{"id":928,"href":"https:\/\/j\u00fcri\u00f6\u00f6m\u00e4rgutuled.ee\/index.php?rest_route=\/wp\/v2\/pages\/63\/revisions\/928"}],"wp:attachment":[{"href":"https:\/\/j\u00fcri\u00f6\u00f6m\u00e4rgutuled.ee\/index.php?rest_route=%2Fwp%2Fv2%2Fmedia&parent=63"}],"curies":[{"name":"wp","href":"https:\/\/api.w.org\/{rel}","templated":true}]}}